 g?
11
Let r(s) = 2*s + 1. Let d be r(0). Suppose -4*v = -0*i - 3*i + 1, 3*i - 5*v + 1 = 0. Let y be (-1)/i - 25/(-3). What is the highest common factor of y and d?
1
Let t(h) = -h**3 - 16*h**2 + 18*h + 22. Let n be t(-17). Suppose 3*r + 0*r = 6. Calculate the highest common factor of r and n.
1
Let t = -79 - -79. Let o(n) = 7 + 0*n**3 - n**3 - 3. Let i be o(t). What is the greatest common divisor of i and 4?
4
Suppose -27 = 5*l + y, 0 = 3*l - 5*y + 3*y + 11. Let a = 1 - l. Let k(d) = d**3 - 5*d**2 + d - 2. Let g be k(a). Calculate the highest common factor of g and 5.
5
Suppose 5*q - 50 = 3*m, 5*m = 38 - 13. Suppose 11*o + 1 = 1002. Calculate the greatest common divisor of q and o.
13
Let m = 337 - 239. Suppose z - k = 30, 4*z - 2*k = 22 + m. Suppose -3*b = 5*c - 54, -3*b + 0*b = -4*c + 54. What is the highest common factor of z and c?
6
Let u(r) = r + 8. Let f be u(-4). Suppose 0*c - 2*c = -f*w - 50, w = c - 28. What is the greatest common factor of c and 31?
31
Let u(s) = 2*s**3 + 15*s**2 + 2*s - 4. Let m be u(-7). Calculate the greatest common divisor of 496 and m.
31
Let v(r) be the second derivative of r**4/12 + r**3/3 - 15*r**2/2 + 3*r. Let z = -33 + 21. Let j be v(z). What is the greatest common factor of j and 42?
21
Suppose 3*p = -g + 2*g - 8, -4*g = 4*p - 48. Let y = g + -8. Suppose -3*z + y*j + 30 = 0, -3*j - 15 = z + j. Calculate the greatest common divisor of z and 55.
5
Let f(d) = -d**3 - 8*d**2 + 8*d - 5. Let x(h) = h**3 - 7*h**2 - 10*h + 6. Let v be x(8). Let s be f(v). What is the highest common factor of s and 46?
23
Let h = 2 + -10. Let x be (-1)/(-4) - 478/h. Suppose 4*b = -y + 33, -2*y + 7*y - x = -5*b. What is the greatest common factor of b and 49?
7
Suppose 1 = -m - y - 0, 5*m = 4*y + 22. Suppose t - 42 = -2*f - t, -39 = -m*f + t. What is the highest common factor of f and 4?
4
Let f(k) = 16*k + 28. Let b be f(3). Calculate the greatest common factor of b and 988.
76
Let v be (-940)/(-26) - 24/156. Let j = -15 + v. Calculate the highest common factor of 105 and j.
21
Suppose -t + 0*t = 0. Suppose t = -2*k + 106 + 272. Suppose -3*s + 22 = -41. What is the highest common factor of k and s?
21
Suppose -4*a - 21*a = -1575. Calculate the greatest common factor of 84 and a.
21
Let g be (3/6)/(4/24). Suppose -116 = -4*u + g*i - 24, 4*i = -5*u + 84. What is the greatest common divisor of u and 60?
20
Let o = -811 + 836. Calculate the highest common factor of 85 and o.
5
Let f be (-80)/15 + 2/6. Let z be 8/20 + (-48)/f. Let c be 2 + -2 + -5 + z. Calculate the greatest common divisor of 35 and c.
5
Let w = -590 - -599. Calculate the greatest common divisor of 45 and w.
9
Let m = -767 + 525. Let q = m - -339. Suppose -4*t - 1 = -q. What is the greatest common factor of t and 216?
24
Suppose 13*q + 85 = 18*q. What is the greatest common divisor of q and 629?
17
Let n = 15 + -18. Let q be ((-4)/(-8)*-6)/n. Calculate the greatest common factor of q and 2.
1
Suppose 14*b = -99 + 687. What is the greatest common factor of 154 and b?
14
Suppose -4*t - 3*k + 1572 = -6*k, 4*t + 3*k - 1548 = 0. Calculate the highest common factor of 30 and t.
30
Let f be 3/4 - (-52)/16. Suppose -f = -3*s + 26. Let n be (24/(-15))/((-1)/25). Calculate the highest common divisor of n and s.
10
Suppose 3*s + 179 = -4*x + 573, 4*x + 488 = 4*s. Suppose g = 9 + 5. Calculate the greatest common factor of g and s.
14
Let i(p) = 7*p**2 + 28*p - 19. Let o be i(-5). Calculate the highest common divisor of o and 256.
16
Let q be 1/(1/6)*(-15)/(-10). What is the highest common divisor of q and 42?
3
Let j = -8 - -12. Suppose 4*k + 76 = j*r, 4*k = 2*k + 10. Calculate the highest common factor of r and 36.
12
Let d = 257 + -614. Let s = d + 797. What is the greatest common factor of s and 40?
40
Suppose 3*l - 21*m - 101 = -25*m, -32 = -l - 3*m. Calculate the highest common factor of l and 14.
7
Suppose 2 = 6*a - 10. Let i(j) = -j + 0*j**2 - j**2 + 10*j**a + 5 - 7*j**2. Let z be i(-7). Calculate the greatest common divisor of 10 and z.
10
Let m = 58 + -34. Suppose 30 = -5*b + 100. Suppose 0 = -b*t + 13*t + 3. Calculate the greatest common divisor of m and t.
3
Suppose 3936 = 8*y - 112. Calculate the greatest common divisor of 46 and y.
46
Let w be (-1)/(-2)*(-15)/((-60)/32). Suppose w*c - 2*u = 66 + 186, -c - 3*u = -63. Calculate the highest common factor of 21 and c.
21
Let x be (1/(3/3))/1. Let h(s) = 19*s**2 + s. Let k be h(x). Let m = 45 - k. Calculate the greatest common divisor of 5 and m.
5
Let l(x) = -x**3 - 2*x**2 + 13*x + 11. Let f be l(-7). Calculate the greatest common divisor of f and 30.
15
Suppose 5*g = -2*l + 26 + 29, -6 = -2*g - 4*l. Calculate the greatest common factor of g and 104.
13
Suppose -4*t - f - 2*f = -3, -t - 2*f - 3 = 0. Suppose -t*l + 37 = 10. Suppose b = q - l, -q = -0*q + b - 15. What is the greatest common divisor of q and 36?
12
Let f be 1/((-3)/(1 - 4)). Let m be (193 - 13) + -1*(f + -1). What is the highest common factor of m and 20?
20
Let g be 70/((-2 + -3)/(-135)). Calculate the highest common factor of g and 70.
70
Suppose 18*r - 480 = 8*r. What is the highest common divisor of r and 128?
16
Let f(u) = -u**2 + 2*u - 1. Let o be f(-7). Let g = o + 90. What is the greatest common divisor of g and 78?
26
Let p = 170 + -27. Calculate the highest common factor of 39 and p.
13
Suppose 0 = 4*m - 2*b - 2, -b - 3 = 3*m - 2. Let v = m + 14. Suppose 6 = v*x - 13*x. What is the highest common factor of x and 42?
6
Suppose 3*v = -3*w + 18, 4*v = -2*w + w + 9. Suppose 2*r - 7*r = -4*q - 251, 0 = -w*q - 20. Let f be -3*2/2 + r. What is the highest common factor of f and 4?
4
Let t = 7 + -3. Let k = 17 + t. Suppose 2*v = -2*o + 24, -4*v = -v - 4*o - 1. Calculate the greatest common factor of k and v.
7
Let c be 72 - 9*(-16)/(-72). What is the greatest common factor of 10 and c?
10
Let i be 420/16*(4 - 0). Suppose 0 = -u - 4*m + 52, u - 2*u = 2*m - 52. Let p = u + -10. Calculate the greatest common divisor of i and p.
21
Let u = 176 + -99. Suppose -17*y = -15*y - 4. Suppose 2*f - 4*f + 20 = 4*b, 0 = -b - y*f - 1. What is the highest common factor of b and u?
7
Suppose -25 = 4*w - 61. Suppose -80 = -2*q + 2*s, 3*q = s + 171 - 59. What is the greatest common divisor of q and w?
9
Let s = 1426 - 824. Suppose 0 = -3*u + 646 + s. Calculate the highest common divisor of 52 and u.
52
Let c = -13 - -22. Let s be (-8)/3*27/(-2). Let f be ((-15)/(-4))/(c/s). Calculate the highest common divisor of f and 10.
5
Suppose 0 = -48*u - 38 + 230. Suppose 0 = -2*o + 7 + 1, -4*g = 4*o - 96. Calculate the greatest common divisor of u and g.
4
Let m be (-92)/(-3) + (-6)/9. Suppose 4*g - 419 = o, -34*o + 30*o + 319 = 3*g. What is the highest common divisor of m and g?
15
Suppose -3*z + g = -45, -30 = -2*z - g - 2*g. Let t = 28 - -32. What is the highest common divisor of z and t?
15
Let p = -61 + 105. Suppose 4*q + 23 = 155. Suppose 3*f + q = 6*f. What is the greatest common factor of p and f?
11
Suppose -4*j + j - 3*h + 1773 = 0, 0 = j - h - 591. Let z be j/21 + -1 + (-6)/42. Calculate the greatest common divisor of z and 3.
3
Suppose 46*k + 3124 = 188*k. Let l = 8 - 3. Let i(o) = 23*o - 5. Let w be i(l). Calculate the highest common divisor of w and k.
22
Let a(t) = t**2 + 6*t - 8. Suppose -56 = 2*n + 2*n. Let s be 116/n + (-16)/(-56). Let j be a(s). Calculate the highest common factor of 2 and j.
2
Let t be (-4)/(-6)*(-3 + (-30)/(-5)). Let p(z) = 4*z + 134. Let s be p(-28). What is the greatest common factor of t and s?
2
Suppose -l = -3*l - 24. Let k be l/(-8)*-2 + 14. What is the greatest common divisor of k and 55?
11
Suppose 0*v = 8*v - 360. Let u = v + 45. What is the greatest common divisor of 18 and u?
18
Suppose 0 = h - 7*h + 702. Suppose x - 2*x = -3*a + h, -3*a - 3*x = -105. Calculate the highest common divisor of a and 190.
38
Suppose 3*m = 12*m + 252. Let p = m + 42. Let h = -197 + 309. Calculate the highest common divisor of h and p.
14
Let q be ((-1200)/(-14))/((-252)/(-882)). Let f be (0/1)/(2/(-1)). Suppose 5*w = -3*i + 75, f*i = 2*i + w - 57. What is the greatest common divisor of q and i?
30
Let b be (-15)/(-6)*(-16)/(-20). Let z = 13 - b. What is the greatest common factor of 11 and z?
11
Suppose -4*i + 18 = p, -3*i + i = -2*p - 4. Let b(z) = -